1. What is the tens digit of s?
6
Let l = -8 - -9. Let p = l - -3. What is the units digit of p/16 - (-230)/8?
9
What is the units digit of -5 + (1 - -6) + 929?
1
Let g(z) = -z**3 - 73*z**2 - 148*z + 155. What is the tens digit of g(-71)?
8
Suppose 4*m + 146 = -522. Let v = -95 - m. What is the tens digit of v?
7
Let z = 2187 + -1162. Suppose 3 = r, 5*c + r = -4*r + z. What is the units digit of c?
2
Suppose -2 - 10 = 2*m. Let u(g) = -g**2 - 6*g + 7. What is the units digit of u(m)?
7
Let j(x) = 5*x - 16. Let w be j(4). Let g(v) be the second derivative of v**5/20 - v**4/12 - 5*v**3/6 - v**2/2 + 2*v. What is the units digit of g(w)?
7
Let w(y) = -y**3 - 29*y**2 - 101*y - 38. What is the units digit of w(-26)?
0
Let p(q) = 150*q - 8. Let r(i) = 449*i - 23. Let w(d) = -11*p(d) + 4*r(d). What is the tens digit of w(1)?
4
Let r be (-3)/(-1 - 2)*26. Suppose 38 = x - r. What is the tens digit of x?
6
Let i = -75 - -166. Suppose -i = -5*f + 3*f - 5*v, -3*f + 89 = -2*v. Suppose -q = 4*z - f - 143, 4*z + 4*q - 176 = 0. What is the tens digit of z?
4
Let y = 3947 + -797. What is the hundreds digit of y?
1
Let f(k) = -20 - k - k + 0*k. Let d be f(-12). Suppose 0 = -m + 4*t + 25, d*m + 2*t = -0*t + 136. What is the units digit of m?
3
What is the units digit of ((-15)/(-12))/(6/(142 + 2))?
0
Let f = 2065 - 696. What is the tens digit of f?
6
Let c = -36 - -24. Let o(m) = -m - 21. Let g be o(-12). What is the tens digit of 21*1*c/g?
2
Suppose -2*l - 12 = l, -t = l - 118. What is the hundreds digit of t?
1
Suppose h - 4 = 0, 0 = -g - 4*g - 5*h + 25. Let v = 57 + 54. Suppose -5*t + v = g. What is the tens digit of t?
2
Let f(v) = 13*v**2 + 2*v. Suppose 0 = 5*s + 39 - 4. Let o be s/3 - (-1)/3. What is the units digit of f(o)?
8
Let s(h) = -h**3 + 5*h**2 + 6*h + 2. Let p = -9 - -15. Let f be s(p). Suppose -m - 80 = -2*o, o - 40 = -f*m + 4*m. What is the tens digit of o?
4
What is the tens digit of (-66)/(-30) + -2 - 19876/(-20)?
9
Let x = -12 + 32. Let y = x - -3. What is the tens digit of y?
2
Let h = 35 + -39. What is the tens digit of -1 + 12/h + -2 + 205?
9
Let p = -49 + 53. Let o = 64 + -34. Let w = p + o. What is the tens digit of w?
3
Let j = -7 + 3. What is the units digit of 8/((-1 + j)/(-110))?
6
Suppose -12 = z + 3*z. Let f be 3*z/(-18)*124. Suppose w + 4 = 0, 0*t = 5*t + 2*w - f. What is the tens digit of t?
1
Let i be 2/(-7) + 555/105. Let u be (1 - 1)*(i + -4). What is the units digit of u - (2 - 48*1)?
6
Suppose 130*h = 114*h + 35776. What is the thousands digit of h?
2
Let p = -11 - -11. Suppose p = 4*c + c + 235. Let u = c + 78. What is the tens digit of u?
3
Suppose -k + 12 = -5. Let x = k + -25. What is the tens digit of (x/3)/(10/(-90))?
2
Let b(m) = -59*m - 24. What is the hundreds digit of b(-19)?
0
Let z = 2122 + -834. What is the hundreds digit of z?
2
Let b(q) = 47*q**2 + 100*q - 721. What is the thousands digit of b(8)?
3
Let j(w) = -2*w - 2. Suppose 1 = -g + 2. Let v be j(g). Let n(f) = -11*f - 10. What is the units digit of n(v)?
4
Let f(o) = o**2 + 18*o - 19. Let d be f(-13). What is the units digit of ((-13)/(-1))/(4*(-3)/d)?
1
Let x(u) = u**2 + 3*u - 4. Let w be x(-4). Suppose 11 = 3*y + 2. Suppose w = q - 2 - y. What is the units digit of q?
5
Suppose 4*w + 5*i = 2*i - 358, 5*i = 2*w + 166. Let j = w - -158. What is the units digit of j?
0
Let c be (-46)/2 + 48/(-12). Let a = -22 - c. What is the units digit of a?
5
Let q(p) = p**2 - 8*p - 3. Let z be q(9). Let l be z/(-5)*(-15)/6. Suppose 0 = l*w - 39 - 27. What is the units digit of w?
2
Let h(d) = -195*d + 122. What is the hundreds digit of h(-12)?
4
Let s(w) = -w**2 - 7 + 0*w**2 - 13*w - 9. Let n be s(-13). Let g = n - -23. What is the units digit of g?
7
Let y be ((-3 - -1) + 416/10)*5. Let x = y + -15. What is the tens digit of x?
8
Let c(d) = -4*d + 10. Let j be c(10). Let y be 4/10 - (-42)/j. What is the tens digit of (-6 - y)/(1/(-4))?
2
Let j(k) = -45*k + 577. What is the thousands digit of j(-32)?
2
Suppose -u + 4 = -2*x + 3*x, -2 = -2*u. Suppose -12*o + 891 = -x*o. What is the tens digit of o?
9
Let r(q) = 3*q**2 + 18*q + 8. What is the hundreds digit of r(-19)?
7
Let r be -2*((-855)/(-10) - 2). Let c = r - -344. What is the tens digit of c?
7
Suppose 9*h - 5*h = -8. What is the units digit of (-1)/(-2) - (h - 402/12)?
6
What is the tens digit of 73086/104 + (-1 - (-5)/4)?
0
Let i = 7 - 11. Let r be 6*(-2)/i*-1. What is the units digit of r*6*(-2)/2?
8
Let h = 5 + -11. Let d = 84 - h. What is the tens digit of d?
9
Let d(m) = -6*m**2 - m - 13. Let a be d(4). Let j = 54 - a. What is the hundreds digit of j?
1
Suppose i - 421 = 2*d, -7*d = -5*i - 3*d + 2129. What is the tens digit of i?
2
Suppose -5*d + 0*h - 32 = h, -5*d = 3*h + 26. Let p = d - 2. What is the tens digit of (138/p)/((-4)/6)?
2
Let t be -2 + 2 - (0 - 3). Suppose 2*r + r - 4*c - 166 = 0, -t*c = 2*r - 105. What is the tens digit of r?
5
Let t be 1/4 - 11/(-4). Let s(f) = 24*f - 8. What is the units digit of s(t)?
4
Let n = -1875 - -3836. What is the thousands digit of n?
1
What is the hundreds digit of 1321008/780 + 3/(-5)?
6
Let u = -46 - -39. What is the units digit of 51/2*((-42)/9)/u?
7
Suppose 10*m - 14*m + 3*y = -8116, 4*y = -4*m + 8116. What is the units digit of m?
9
Let f(y) = -y**3 + 5*y**2 + 6*y. Let x be f(6). Let q(g) = -g**3 + 2*g + 111. What is the units digit of q(x)?
1
Let z be 2 + -3 + -2*(-2)/4. Suppose z = 3*v - 104 - 208. What is the units digit of v?
4
Suppose -4*o + 4*x + 3 + 5 = 0, 0 = 3*o + x + 14. What is the units digit of o*(255/(-9) - (0 - 0))?
5
Let z = -886 - -1729. What is the units digit of z?
3
Suppose 13*k + 1460 = 17*k. What is the units digit of k?
5
Let v be (-592)/(-11) + (-18)/(-99). Let s be (-5)/3*v/(-15). Suppose -4*l - t = -19, -s*t + 11 = -l - t. What is the units digit of l?
4
Let r(z) = 3*z - 5. Let l be r(3). Suppose 0 = 5*c - 0*v + l*v - 46, 0 = -4*v + 16. Suppose -c = -2*u + u - 4*y, -2*u + 27 = 3*y. What is the units digit of u?
8
Let x = -158 - -157. Let v(d) be the second derivative of -27*d**5/20 + d**2/2 + d. What is the tens digit of v(x)?
2
Suppose f - 110 = 3*p, -3*p = -p + 10. Suppose -6*v + 203 = -v - q, -f = -2*v + 5*q. What is the units digit of v?
0
Let x be 9/(-12)*-4 - -1. Suppose 97 = 4*l - 0*g + g, -x*l + 85 = 5*g. What is the units digit of l?
5
Suppose -10*o = -1383 - 817. What is the units digit of o?
0
Suppose 3*q = -3*c, q = -2*c + 2*q - 15. Let s = c + 5. Suppose s = -d - 0*d + 26. What is the units digit of d?
6
Let z be 8 - (2 + (-3 - 3)). Suppose 0*y = 3*y - z. What is the units digit of 4 - (24/y + -3)?
1
Let j(h) = h**3 - 7*h**2 + 6*h - 5. Suppose 0 = l - 0 - 6. Let m be j(l). What is the tens digit of 11 + (-4 - (2 + m))?
1
Suppose 0 = -4*k - 3*s + 12, 4*k + 0*k + 2*s = 12. Suppose -b - 4*m + 158 = -0*m, k*b + 4*m = 498. What is the units digit of b?
0
Let q(i) = -21*i - 1. Let c(u) = -3*u**2 + 3*u - 4. Let p(y) = y**2 - y + 1. Let j(g) = 2*c(g) + 7*p(g). Let f be j(0). What is the tens digit of q(f)?
2
Suppose 1936 + 3644 = 31*r. What is the units digit of r?
0
Let m be (9/4)/(3/16). Let r = m - 8. Suppose 0 = -5*t + r*t + 43. What is the units digit of t?
3
What is the units digit of 624 + (1 - 2 - 3)?
0
Suppose 8*i + 249 = -191. Let h = 147 + i. What is the tens digit of h?
9
Let i(l) = -l + 24. Let r be (-1)/(-3) - 1/3. Let j be (r/(-3 - 1))/2. What is the units digit of i(j)?
4
Suppose -5*m = -2*i - 1369, 4*i = -m + 2*i + 269. What is the tens digit of m?
7
What is the tens digit of (-8)/(-18) + (-4057824)/(-864)?
9
Let r(g) = -2*g**3 - 7*g**2 - 21*g - 14. What is the tens digit of r(-8)?
3
Let y = 2 - -1. Suppose -r + 30 = 2*z, -y*z + 73 = -2*r + 14. What is the units digit of z?
7
What is the hundreds digit of 54*7/(-28)*(-1484)/7?
8
Suppose 6*z - j + 17 = 9*z, 2*z + 5*j = 33. Suppose z*y - 740 = 5*x, -y = x - 162 - 14. What is the hundreds digit of y?
1
Let x(i) = 9*i - 5. Let p be x(14). What is the tens digit of 6/(-21) - p/(-7)?
1
Let f(z) = z + z + 13 - z**2 - 4*z. Let b be f(-4). Suppose 10 = -0*h + b*h. What is the units digit of h?
2
Let a = 274 + 1070. What is the tens digit of a?
4
Suppose -62*s + 96220 = 23*s. What is the tens digit of s?
3
What is the hundreds digit of (2376/(-10))/(4/(-60))?
5
Suppose 5